?
7
What is the hundred millions digit of 741987537?
7
What is the hundred thousands digit of 4430603211?
6
What is the units digit of 740557429?
9
What is the tens digit of 5150151405?
0
What is the hundred thousands digit of 1235364195?
3
What is the tens digit of 13899464?
6
What is the millions digit of 36245062?
6
What is the millions digit of 679289615?
9
What is the units digit of 83050135?
5
What is the millions digit of 30085576?
0
What is the millions digit of 3415971251?
5
What is the units digit of 43180076?
6
What is the tens digit of 7403723?
2
What is the millions digit of 4139631137?
9
What is the ten millions digit of 246805493?
4
What is the millions digit of 861398141?
1
What is the units digit of 5633897?
7
What is the hundreds digit of 80871516?
5
What is the billions digit of 1350869011?
1
What is the millions digit of 295177317?
5
What is the hundred thousands digit of 26535170?
5
What is the tens digit of 12925822?
2
What is the hundred thousands digit of 6043144?
0
What is the units digit of 2241611923?
3
What is the tens digit of 2994522671?
7
What is the hundred millions digit of 2368957478?
3
What is the hundreds digit of 82528674?
6
What is the hundred thousands digit of 1579635186?
6
What is the hundred thousands digit of 1377224872?
2
What is the hundred millions digit of 331750176?
3
What is the ten thousands digit of 83267393?
6
What is the ten thousands digit of 534088316?
8
What is the ten thousands digit of 240883540?
8
What is the millions digit of 47979446?
7
What is the units digit of 1115381007?
7
What is the ten millions digit of 86858802?
8
What is the ten millions digit of 415688110?
1
What is the thousands digit of 671248811?
8
What is the tens digit of 317703232?
3
What is the ten millions digit of 12569574?
1
What is the units digit of 100810504?
4
What is the millions digit of 103097592?
3
What is the ten millions digit of 4804382478?
0
What is the tens digit of 26112113?
1
What is the thousands digit of 161417106?
7
What is the hundred millions digit of 2089077872?
0
What is the units digit of 71364509?
9
What is the hundred thousands digit of 24360691?
3
What is the thousands digit of 495076173?
6
What is the ten thousands digit of 29194785?
9
What is the units digit of 950715444?
4
What is the hundreds digit of 246656719?
7
What is the hundred millions digit of 401481802?
4
What is the ten thousands digit of 518379536?
7
What is the hundred millions digit of 650893775?
6
What is the tens digit of 805219462?
6
What is the thousands digit of 399289627?
9
What is the units digit of 1707422035?
5
What is the hundred millions digit of 485125344?
4
What is the millions digit of 196948183?
6
What is the millions digit of 34764746?
4
What is the hundred millions digit of 195840178?
1
What is the millions digit of 656591463?
6
What is the hundred millions digit of 340657801?
3
What is the ten millions digit of 1563999134?
6
What is the units digit of 242658695?
5
What is the hundred thousands digit of 51095919?
0
What is the units digit of 1352862991?
1
What is the millions digit of 24328740?
4
What is the hundred millions digit of 262258471?
2
What is the thousands digit of 1633521948?
1
What is the hundred thousands digit of 2690137?
6
What is the ten millions digit of 18444451?
1
What is the ten thousands digit of 26614048?
1
What is the ten thousands digit of 23809164?
0
What is the tens digit of 63388799?
9
What is the ten thousands digit of 945853662?
5
What is the ten millions digit of 41795642?
4
What is the millions digit of 127205719?
7
What is the units digit of 1280436?
6
What is the ten thousands digit of 147564759?
6
What is the ten thousands digit of 636889175?
8
What is the hundred millions digit of 351936047?
3
What is the millions digit of 111998828?
1
What is the thousands digit of 743833567?
3
What is the tens digit of 45081881?
8
What is the millions digit of 751199262?
1
What is the hundreds digit of 2447870714?
7
What is the tens digit of 258025636?
3
What is the units digit of 171020207?
7
What is the millions digit of 822717557?
2
What is the units digit of 112349162?
2
What is the hundred thousands digit of 257839927?
8
What is the units digit of 3231011624?
4
What is the ten millions digit of 2542474133?
4
What is the units digit of 1752273849?
9
What is the ten millions digit of 1249470077?
4
What is the billions digit of 1153384754?
1
What is the ten millions digit of 1757088019?
5
What is the millions digit of 40590631?
0
What is the units digit of 499017794?
4
What is the tens digit of 42514463?
6
What is the ten thousands digit of 72739907?
3
What is the hundred thousands digit of 2402825538?
8
What is the hundreds digit of 3721294793?
7
What is the billions digit of 1179766420?
1
What is the hundreds digit of 9445419?
4
What is the hundreds digit of 73386155?
1
What is the ten thousands digit of 1783830279?
3
What is the millions digit of 104633586?
4
What is the hundred thousands digit of 23765611?
7
What is the tens digit of 4174813716?
1
What is the millions digit of 41312482?
1
What is the thousands digit of 120163733?
3
What is the millions digit of 1641113070?
1
What is the hundred thousands digit of 101249112?
2
What is the thousands digit of 301376298?
6
What is the millions digit of 285839930?
5
What is the hundreds digit of 538484589?
5
What is the units digit of 527714480?
0
What is the hundreds digit of 267879241?
2
What is the hundred thousands digit of 439255112?
2
What is the thousands digit of 496328365?
8
What is the ten millions digit of 36190400?
3
What is the thousands digit of 1493509429?
9
What is the hundreds digit of 2390869405?
4
What is the hundred thousands digit of 3839707189?
7
What is the hundred thousands digit of 9114106?
1
What is the tens digit of 225920558?
5
What is the ten millions digit of 3629846435?
2
What is the units digit of 4057597?
7
What is the ten millions digit of 259853325?
5
What is the hundred millions digit of 367818259?
3
What is the hundreds digit of 26063243?
2
What is the hundreds digit of 667584741?
7
What is the hundreds digit of 3168501582?
5
What is the millions digit of 1973236329?
3
What is the thousands digit of 573542009?
2
What is the hundred thousands digit of 96624288?
6
What is the units digit of 887571273?
3
What is the tens digit of 45029385?
8
What is the tens digit of 2111147070?
7
What is the ten thousands digit of 100243017?
4
What is the billions digit of 1393734286?
1
What is the millions digit of 3619169?
3
What is the ten millions digit of 43722213?
4
What is the thousands digit of 1347367599?
7
What is the hundred thousands digit of 62224897?
2
What is the ten thousands digit of 2467366469?
6
What is the ten thousands digit of 4171532?
7
What is the hundred thousands digit of 369327480?
3
What is the hundreds digit of 186508789?
7
What is the thousands digit of 878332900?
2
What is the tens digit of 1121350741?
4
What is the billions digit of 1013065772?
1
What is the billions digit of 2501680842?
2
What is the thousands digit of 43195520?
5
What is the millions digit of 93088087?
3
What is the thousands digit of 15186067?
6
What is the hundred millions digit of 3321875610?
3
What is the hundred thousands digit of 45484594?
4
What is the ten thousands digit of 827280387?
8
What is the thousands digit of 213418759?
8
What is the billions digit of 3096227274?
3
What is the hundreds digit of 850177604?
6
What is the hundred thousands digit of 2415497523?
4
What is the hundreds digit of 18767843?
8
What is the thousands digit of 172624?
2
What is the units digit of 4229918939?
9
What is the millions digit of 3706558979?
6
What is the ten thousands digit of 464461134?
6
What is the thousands digit of 113530845?
0
What is the hundred thousands digit of 32044794?
0
What is the hundred millions digit of 1233967936?
2
What is the ten thousands digit of 6420244354?
4
What is the hundreds digit of 510222317?
3
What is the hundreds digit of 29829297?
2
What is the hundreds digit of 283371847?
8
What is the millions digit of 221654559?
1
What is the hundreds digit of 110622257?
2
What is the ten thousands digit of 984932769?
3
What is the hundreds digit of 2430680096?
0
What is the thousands digit of 